Let t(v) = -21*v + 14. Suppose 23*b - 27*b - 20 = 0. Is t(b) a prime number?
False
Let w = 7 - 3. Let g = -326 - w. Is 3/6 - g/4 prime?
True
Suppose 4*l = 6909 + 3527. Is l composite?
False
Let w be (91/21 - 5)/((-1)/(-10740)). Let m = -2983 - w. Is m composite?
False
Suppose -5*s = 2*i - 24357, 50756 = 5*i + s - 10148. Is i a composite number?
True
Let m(l) = l**3 + 2*l + 14. Let j be m(0). Suppose 1838 = 16*p - j*p. Is p a prime number?
True
Suppose 0 = -4*g - 33 + 173. Suppose i = 0, 5*c + 3*i - 16730 = g. Is c a prime number?
False
Let l be -3 + 0 + (-30)/(-5). Let v be 669/6 + l/6. Let o = v - -181. Is o a composite number?
False
Suppose 0 = -p + 5 - 1. Suppose 0 = p*u - 10792 + 3956. Is u a composite number?
False
Let p be 0 - ((1 - 1) + -125). Suppose -505 = -5*s - p. Suppose 4*z + 0*z = s. Is z prime?
True
Suppose -7*c + 261 = -4*c. Is 80/24*c/2 prime?
False
Let g(v) be the second derivative of v**5/20 + 4*v**4/3 + 17*v**3/6 + 13*v**2/2 + 21*v. Is g(-11) a composite number?
False
Suppose 310 + 604 = 2*l. Suppose -11 = 5*c + 9, 3*w - 19 = c. Suppose 840 = 5*d + w*n, l + 209 = 4*d - 2*n. Is d a composite number?
False
Let x(y) = -3*y - 3. Let d be x(-1). Suppose -64*n + 66*n - 1310 = d. Is n a composite number?
True
Is (-1)/(-5)*374040/36 a composite number?
True
Suppose -5*v - 10125 = -5*s + 30990, -s + 2*v = -8225. Is s a composite number?
False
Let z be (-11)/(66/(-24)) - 0. Suppose -z*v - 4*t = -3160, -3*v + 3139 = v - 3*t. Is v composite?
False
Let z(a) = 2*a**2 - 8*a + 5. Let n be z(4). Suppose 5*h - 3150 - 785 = -4*y, 2*y = n*h - 3965. Is h composite?
True
Let j(q) = -24*q**3 - 3*q**2 - 4*q - 3. Suppose -u - 2 + 0 = 0. Is j(u) a prime number?
False
Suppose -2*h - 9 = -15. Let u be (-15935)/(-20) - 2/(-8). Suppose -4*v + 7*v = h*j + 600, 4*v - 5*j = u. Is v a composite number?
True
Suppose -2*n + 4 = 0, 0*p - p + n + 3 = 0. Suppose y + 6628 = p*y. Is y a prime number?
True
Is 3/(9/35373 + 0) a composite number?
True
Let j(r) = 7 - 6 + 9*r**2 + 5*r + 8*r**2 + 0*r**2. Is j(4) a prime number?
True
Is 6/9*(-1296207)/(-66) a composite number?
False
Suppose 13*g - 24 = 5*g. Suppose 5*d - 167 = -g*v + 3*d, -5*d = -20. Is v a composite number?
False
Suppose 0 = -z + 171 - 14. Is z prime?
True
Let l(f) = -405*f**3 + 3*f**2 + 4*f - 2. Is l(-2) composite?
True
Let z(o) be the second derivative of 47*o**3 + 13*o**2/2 + 46*o. Is z(4) a composite number?
True
Let r = -85 - -290. Is r a prime number?
False
Let t = 6202 + -101. Is t a prime number?
True
Is 184/828 - (-77065)/9 composite?
False
Let v = 6729 - 208. Is v prime?
True
Suppose 18*q + 0*q - 162 = 0. Is 4875/q - 1/(-3) a composite number?
True
Let s(b) = -b**3 + 13*b**2 - 22*b + 13. Is s(9) prime?
True
Let o = -3992 + 6711. Is o prime?
True
Let i be (-2657)/9 + 12/54. Let f = -172 - i. Suppose 3*a - 865 = 5*x, -4*x + 188 = a - f. Is a a prime number?
False
Suppose -n + 15 = 2*n, 0 = -4*f + n + 5875. Suppose -3*l + f = -321. Is l prime?
False
Let b(n) = -n**2 + 7*n + 5. Let k be b(6). Suppose 4*u = 5*l - 24, 2*l - 3*u - k = -0*l. Suppose 4*j - 496 = l*y, -4*j - j + 638 = y. Is j composite?
False
Let g = 50299 + -7206. Is g composite?
False
Suppose -4*u = 5 - 13. Suppose -16 - 26 = 14*w. Is u + (296 - (w - -6)) a prime number?
False
Let g(q) = -130*q. Let k be g(-1). Let a(x) = 5*x - 10. Let f be a(2). Suppose -v - 4*v + k = f. Is v a composite number?
True
Let w(q) = 211*q + 7. Let f(p) = p**2 - 3*p + 6. Suppose 0 = -s + 3, -4*s + 6*s = -4*o + 14. Let b be f(o). Is w(b) a prime number?
False
Let u(l) = -4*l**3 - 3*l**2 + 2*l + 2. Let q(c) = -4*c**3 - 3*c**2 + 2*c + 1. Let a(b) = -7*q(b) + 6*u(b). Let r be a(-4). Let k = -80 - r. Is k prime?
False
Suppose 3*z = -2*k + 40201, 3*z + 5*k - 25394 = 14822. Is z prime?
True
Is 46/(-391) + (-835437)/(-51) a prime number?
True
Let q = 20357 - 9838. Is q a prime number?
False
Suppose -4*c + 20 + 40 = 0. Suppose -h - 3*j = -0*h + 7, c = 3*h - 3*j. Suppose 4*v + 3*i = 249 - 25, h*v - 86 = 5*i. Is v a prime number?
True
Let q(u) = 556*u**2 + u + 5. Is q(2) composite?
True
Is 13164/(-4 + 8) - 4/(-2) a prime number?
False
Suppose 7*b - 2*b = 300. Suppose 3*w - 213 = b. Is w a composite number?
True
Let g = -11 + 13. Suppose 4*v = 5*v + 2*z - 1, 0 = -g*v + 5*z + 20. Suppose -y - v*x = -71 - 21, -x - 151 = -2*y. Is y a prime number?
False
Let s(z) = 235*z - 21. Is s(25) a prime number?
False
Let b(p) = 7*p**3 + 5*p**2 + 3*p + 2. Let v(n) = 3*n**3 + 3*n**2 + 2*n + 1. Let i(g) = 4*b(g) - 9*v(g). Let l be i(8). Suppose -38 - l = -w. Is w composite?
False
Let a = -1469 - -3990. Is a prime?
True
Let o(h) = 7*h**2 + 3*h + 9. Let w(g) = 2*g + 4. Let x be w(-4). Is o(x) a composite number?
False
Let s = 2777 - 1939. Suppose 0 = -2*w - 2*z + s + 124, -w + 2*z = -469. Suppose -3*q + w = -132. Is q composite?
True
Suppose -f + 4 = 9, 0 = 6*g - f - 75827. Is g composite?
False
Suppose 2*v = -r - 10, -2*v + 5 = -5*r + 3*v. Is r/(-14) + 1/((-7)/(-28341)) a prime number?
True
Suppose -4*q = 4, -4*q - 16797 = -5*d - 2*q. Is d composite?
False
Let n(b) be the third derivative of 29*b**5/12 + b**3/6 + 13*b**2. Is n(4) prime?
False
Let r be 2*(54/4)/9. Suppose -r*i + 1814 = -i. Is i a composite number?
False
Let p be ((-560)/98)/(4/(-14)). Suppose 3*r + z - 5 = 0, -p = -4*r - 0*r + 2*z. Suppose 4*h - 145 = -g, 117 = r*h - 3*g + g. Is h a composite number?
False
Let v(i) = -i**3 + 7*i**2 - 5*i - 6. Let j be v(6). Suppose 4*d - 155 = 4*u - 443, j = -3*u - 2*d + 201. Is u prime?
False
Let z be 108/20 + (-6)/(-10). Let p = z + -6. Suppose -5*o = -5*x - p*o + 2960, 5*o = -3*x + 1736. Is x a prime number?
True
Let i(n) = 2*n + 6. Let h be i(17). Let s = -79 + h. Is s*(-4 - -2 - -1) a prime number?
False
Suppose -w + 14*h = 10*h - 17, 5*w + 4*h = -35. Let t(r) = -20*r**3 - 3*r**2 + r + 4*r**2 + 2*r**2 + 1. Is t(w) prime?
False
Suppose -f + 231 = 2*v - 1432, 0 = -f - 3*v + 1658. Is f composite?
True
Suppose 3*l = -8 - 1. Is (149/3)/((-1)/l) prime?
True
Let v(a) = 904*a**2 - 55*a + 18. Is v(5) composite?
False
Let i(c) = 14*c**2 - 77*c - 75*c + 19 + 163*c. Is i(-12) a composite number?
True
Suppose -12 - 48 = -12*h. Is 317*(h + (-7 - -3)) composite?
False
Let y(f) = 178*f - 278*f + 1 + 917*f + 481*f. Let r be y(1). Suppose 4*g + 455 = r. Is g composite?
False
Let d(y) be the first derivative of -y**4/4 - 3*y**3 - 3*y**2/2 - 12*y - 24. Is d(-11) a composite number?
False
Suppose 496 + 16089 = 5*h. Is h prime?
False
Let k(i) = i**3 + 11*i**2 + 8*i - 19. Let s be k(-10). Is (-5515)/(-25) + s - 3/5 a prime number?
False
Let r = 10457 - 5518. Is r a prime number?
False
Suppose 3*t - 4*s - 20539 = 0, 4*t - 6857 = 3*t + 4*s. Is t prime?
True
Is -4 - -8 - 7 - -61429 a prime number?
False
Suppose -2*c + 47 - 41 = 0. Suppose -2*d = c*d + q - 196, 0 = -3*d - 4*q + 121. Is d a composite number?
True
Let u = -9846 + 23063. Is u composite?
False
Suppose -2*x + 727 = -i + 3712, -5*x + 5988 = 2*i. Suppose -4*y - 1510 = -2*q - 5478, 3*y - i = -5*q. Is y a prime number?
False
Suppose 0*r - 776 = -2*r. Let u be 601 - ((-12)/(-4) + -3). Let z = u - r. Is z prime?
False
Suppose u - 3*u + 1 = -3*y, -u + 2*y = 1. Let n be -7 + u + 0/3. Is n + 2 - -263*1 a prime number?
True
Let m be ((-5)/(-4))/((-13)/(-52)). Suppose -29 = -b + m. Suppose 3*h = -t + 25, 0 = -2*t - 2*h + 4*h + b. Is t prime?
True
Suppose -7*s + 9694 = 2*q - 2*s, -3*q = -3*s - 14583. Is q prime?
False
Let x(q) = 2*q**3 - 5*q**2 + 6*q. Let b(n) = 5*n**3 - 11*n**2 + 13*n. Let l(w) = 3*b(w) - 7*x(w). Let o be l(-3). Suppose o*k - k = -329. Is k composite?
True
Let q be (200/(-5))/(4/(-10)). Suppose -3*s + q + 233 = -2*m, -s = -4*m - 101. Is s prime?
True
Let r(u) = u**3 - 10*u**2 - u + 13. Let y be r(10). Suppose y*m = -c - 3 - 35, 3*c + 2*m = -142. Let b = -16 - c. Is b a composite number?
True
Let v(r) = -r**3 - 5*r**2 - 34*r - 35. Is v(-18) prime?
True
Suppose 3*p + 2*h + 2*h - 39469 = 0, -h = p - 13158. Is p a composite number?
False
Suppose -3*s - 25 = -4*x, 5*s = -4*x + x - 32. Let t(h) = -5*h**3 + 2*h**2 - 4*h + 16. Is t(s) a prime number?
False
Let i(u) = -92*u + 13. Let x = 2 + -8. Is i(x) prime?
False
Let h be 17/68 + -818*29/8. Let c = -1871 - h. Is c prime?
False
Let m = 52 + -44. Suppose m*n - n = 847. Is n composite?
True
Let